{"id":668,"date":"2021-05-02T17:38:13","date_gmt":"2021-05-02T16:38:13","guid":{"rendered":"https:\/\/unikat-seltenes.de\/?post_type=product&#038;p=668"},"modified":"2023-02-02T07:51:05","modified_gmt":"2023-02-02T06:51:05","slug":"maileg-muetze-blau","status":"publish","type":"product","link":"https:\/\/unikat-seltenes.de\/index.php\/produkt\/maileg-muetze-blau\/","title":{"rendered":"Maileg M\u00fctze blau"},"content":{"rendered":"<h2>Bommelm\u00fctze in blau<\/h2>\n<p>Diese s\u00fc\u00dfe M\u00fctze von Maileg mit einer Bommel\u00a0ist gestrickt<\/p>\n<p>Handarbeit<\/p>\n<p>ob f\u00fcr M\u00e4use, P\u00fcppchen oder Eier, es sieht immer lustig aus<\/p>\n<ul>\n<li>Nur solange Vorrat reicht\u00a0 &#8211; Restposten<\/li>\n<\/ul>\n","protected":false},"excerpt":{"rendered":"<h2>Bommelm\u00fctze in blau<\/h2>\n<p>Diese s\u00fc\u00dfe M\u00fctze von Maileg mit einer Bommel\u00a0ist gestrickt<\/p>\n<p>Handarbeit<\/p>\n<p>ob f\u00fcr M\u00e4use, P\u00fcppchen oder Eier, es sieht immer lustig aus<\/p>\n<ul>\n<li>Nur solange Vorrat reicht\u00a0 &#8211; Restposten<\/li>\n<\/ul>\n","protected":false},"featured_media":669,"template":"","meta":{"_genesis_hide_title":false,"_genesis_hide_breadcrumbs":false,"_genesis_hide_singular_image":false,"_genesis_hide_footer_widgets":false,"_genesis_custom_body_class":"","_genesis_custom_post_class":"","_genesis_layout":""},"_links":{"self":[{"href":"https:\/\/unikat-seltenes.de\/index.php\/wp-json\/wp\/v2\/product\/668"}],"collection":[{"href":"https:\/\/unikat-seltenes.de\/index.php\/wp-json\/wp\/v2\/product"}],"about":[{"href":"https:\/\/unikat-seltenes.de\/index.php\/wp-json\/wp\/v2\/types\/product"}],"wp:featuredmedia":[{"embeddable":true,"href":"https:\/\/unikat-seltenes.de\/index.php\/wp-json\/wp\/v2\/media\/669"}],"wp:attachment":[{"href":"https:\/\/unikat-seltenes.de\/index.php\/wp-json\/wp\/v2\/media?parent=668"}],"curies":[{"name":"wp","href":"https:\/\/api.w.org\/{rel}","templated":true}]}}